{"id":747,"date":"2020-04-17T09:15:15","date_gmt":"2020-04-17T12:15:15","guid":{"rendered":"https:\/\/brparafusos.com.br\/index\/pt-br\/i2\/?post_type=product&#038;p=747"},"modified":"2025-03-24T17:23:34","modified_gmt":"2025-03-24T20:23:34","slug":"cinta-catraca-para-carga","status":"publish","type":"product","link":"https:\/\/brparafusos.com.br\/index\/pt-br\/i2\/produto\/cinta-catraca-para-carga\/","title":{"rendered":"Cinta catraca para carga"},"content":{"rendered":"<p>Cinta catraca para carga<\/p>\n<p>Variedades em medidas e cores.<\/p>\n","protected":false},"excerpt":{"rendered":"<p>Cinta para Amarra\u00e7\u00e3o com catraca e gancho J para amarra\u00e7\u00e3o e transporte de cargas pesadas como implementos agr\u00edcolas, geradores, caminh\u00f5es entre outros. Possui gancho e catraca em a\u00e7o bicromatizado. Oferece v\u00e1rias op\u00e7\u00f5es de montagem e capacidade, conforme a aplica\u00e7\u00e3o e as necessidades espec\u00edficas de fixa\u00e7\u00e3o de cargas.<\/p>\n","protected":false},"featured_media":748,"comment_status":"open","ping_status":"closed","template":"","meta":[],"product_brand":[],"product_cat":[141,71],"product_tag":[],"class_list":{"0":"post-747","1":"product","2":"type-product","3":"status-publish","4":"has-post-thumbnail","6":"product_cat-cintas","7":"product_cat-equipamentos-de-protecao","8":"pa_tonelada-e-tamanho-01t-c-46mt","9":"pa_tonelada-e-tamanho-15t-c-45mt","10":"pa_tonelada-e-tamanho-15t-c-46mt","11":"pa_tonelada-e-tamanho-15t-c-9mt","12":"pa_tonelada-e-tamanho-10t-c-9mt","13":"pa_tonelada-e-tamanho-2t-c-46mt","14":"pa_tonelada-e-tamanho-2t-c-9mt","15":"pa_tonelada-e-tamanho-3t-c-20mt","16":"pa_tonelada-e-tamanho-3t-c-9mt","17":"pa_tonelada-e-tamanho-5t-c-9mt","18":"has-post-title","19":"has-post-date","20":"has-post-category","21":"has-post-tag","22":"has-post-comment","23":"has-post-author","24":"","26":"first","27":"instock","28":"taxable","29":"shipping-taxable","30":"purchasable","31":"product-type-variable"},"jetpack_sharing_enabled":true,"builder_content":"","_links":{"self":[{"href":"https:\/\/brparafusos.com.br\/index\/pt-br\/i2\/wp-json\/wp\/v2\/product\/747","targetHints":{"allow":["GET"]}}],"collection":[{"href":"https:\/\/brparafusos.com.br\/index\/pt-br\/i2\/wp-json\/wp\/v2\/product"}],"about":[{"href":"https:\/\/brparafusos.com.br\/index\/pt-br\/i2\/wp-json\/wp\/v2\/types\/product"}],"replies":[{"embeddable":true,"href":"https:\/\/brparafusos.com.br\/index\/pt-br\/i2\/wp-json\/wp\/v2\/comments?post=747"}],"wp:featuredmedia":[{"embeddable":true,"href":"https:\/\/brparafusos.com.br\/index\/pt-br\/i2\/wp-json\/wp\/v2\/media\/748"}],"wp:attachment":[{"href":"https:\/\/brparafusos.com.br\/index\/pt-br\/i2\/wp-json\/wp\/v2\/media?parent=747"}],"wp:term":[{"taxonomy":"product_brand","embeddable":true,"href":"https:\/\/brparafusos.com.br\/index\/pt-br\/i2\/wp-json\/wp\/v2\/product_brand?post=747"},{"taxonomy":"product_cat","embeddable":true,"href":"https:\/\/brparafusos.com.br\/index\/pt-br\/i2\/wp-json\/wp\/v2\/product_cat?post=747"},{"taxonomy":"product_tag","embeddable":true,"href":"https:\/\/brparafusos.com.br\/index\/pt-br\/i2\/wp-json\/wp\/v2\/product_tag?post=747"}],"curies":[{"name":"wp","href":"https:\/\/api.w.org\/{rel}","templated":true}]}}