{"id":745,"date":"2020-04-17T09:13:32","date_gmt":"2020-04-17T12:13:32","guid":{"rendered":"https:\/\/brparafusos.com.br\/index\/pt-br\/i2\/?post_type=product&#038;p=745"},"modified":"2020-06-02T08:26:25","modified_gmt":"2020-06-02T11:26:25","slug":"cinta-para-elevacao","status":"publish","type":"product","link":"https:\/\/brparafusos.com.br\/index\/pt-br\/i2\/produto\/cinta-para-elevacao\/","title":{"rendered":"Cinta para eleva\u00e7\u00e3o"},"content":{"rendered":"<p>Cinta para eleva\u00e7\u00e3o<\/p>\n<p>Variedades em medidas e cores.<\/p>\n<!--themify_builder_content-->\n<div id=\"themify_builder_content-745\" data-postid=\"745\" class=\"themify_builder_content themify_builder_content-745 themify_builder tf_clear\">\n    <\/div>\n<!--\/themify_builder_content-->\n","protected":false},"excerpt":{"rendered":"<p>Cinta para eleva\u00e7\u00e3o Variedades em medidas e cores.<\/p>\n","protected":false},"featured_media":746,"comment_status":"open","ping_status":"closed","template":"","meta":[],"product_brand":[],"product_cat":[141,71],"product_tag":[],"class_list":{"0":"post-745","1":"product","2":"type-product","3":"status-publish","4":"has-post-thumbnail","6":"product_cat-cintas","7":"product_cat-equipamentos-de-protecao","8":"pa_tonelada-e-tamanho-105tx5m-150mm","9":"pa_tonelada-e-tamanho-1tx3m-50mm","10":"pa_tonelada-e-tamanho-25tx2m-60mm","11":"pa_tonelada-e-tamanho-25tx3m-60mm","12":"pa_tonelada-e-tamanho-25tx4m-60mm","13":"pa_tonelada-e-tamanho-25tx5m-60mm","14":"pa_tonelada-e-tamanho-25tx6m-60mm","15":"pa_tonelada-e-tamanho-2tx10m-50mm","16":"pa_tonelada-e-tamanho-32tx3m-80mm","17":"pa_tonelada-e-tamanho-32tx4m-80mm","18":"pa_tonelada-e-tamanho-32tx5m-80mm","19":"pa_tonelada-e-tamanho-32tx6m-80mm","20":"pa_tonelada-e-tamanho-32tx9m-80mm","21":"pa_tonelada-e-tamanho-3tx9m","22":"pa_tonelada-e-tamanho-4tx4m-100mm","23":"pa_tonelada-e-tamanho-4tx5m","24":"pa_tonelada-e-tamanho-4tx5m-100mm","25":"pa_tonelada-e-tamanho-4tx6m-100mm","26":"pa_tonelada-e-tamanho-5tx3m-60mm","27":"pa_tonelada-e-tamanho-5tx6m-150mm","28":"pa_tonelada-e-tamanho-5tx6m-60mm","29":"pa_tonelada-e-tamanho-5tx9m-60mm","30":"pa_tonelada-e-tamanho-6tx4m-100mm","31":"pa_tonelada-e-tamanho-6tx6m-180mm","32":"pa_tonelada-e-tamanho-8tx6m-240mm","33":"has-post-title","34":"has-post-date","35":"has-post-category","36":"has-post-tag","37":"has-post-comment","38":"has-post-author","39":"","41":"first","42":"instock","43":"taxable","44":"shipping-taxable","45":"purchasable","46":"product-type-variable"},"jetpack_sharing_enabled":true,"builder_content":"","_links":{"self":[{"href":"https:\/\/brparafusos.com.br\/index\/pt-br\/i2\/wp-json\/wp\/v2\/product\/745","targetHints":{"allow":["GET"]}}],"collection":[{"href":"https:\/\/brparafusos.com.br\/index\/pt-br\/i2\/wp-json\/wp\/v2\/product"}],"about":[{"href":"https:\/\/brparafusos.com.br\/index\/pt-br\/i2\/wp-json\/wp\/v2\/types\/product"}],"replies":[{"embeddable":true,"href":"https:\/\/brparafusos.com.br\/index\/pt-br\/i2\/wp-json\/wp\/v2\/comments?post=745"}],"wp:featuredmedia":[{"embeddable":true,"href":"https:\/\/brparafusos.com.br\/index\/pt-br\/i2\/wp-json\/wp\/v2\/media\/746"}],"wp:attachment":[{"href":"https:\/\/brparafusos.com.br\/index\/pt-br\/i2\/wp-json\/wp\/v2\/media?parent=745"}],"wp:term":[{"taxonomy":"product_brand","embeddable":true,"href":"https:\/\/brparafusos.com.br\/index\/pt-br\/i2\/wp-json\/wp\/v2\/product_brand?post=745"},{"taxonomy":"product_cat","embeddable":true,"href":"https:\/\/brparafusos.com.br\/index\/pt-br\/i2\/wp-json\/wp\/v2\/product_cat?post=745"},{"taxonomy":"product_tag","embeddable":true,"href":"https:\/\/brparafusos.com.br\/index\/pt-br\/i2\/wp-json\/wp\/v2\/product_tag?post=745"}],"curies":[{"name":"wp","href":"https:\/\/api.w.org\/{rel}","templated":true}]}}