{"id":1350,"date":"2020-04-22T17:56:01","date_gmt":"2020-04-22T20:56:01","guid":{"rendered":"https:\/\/brparafusos.com.br\/index\/pt-br\/i2\/?post_type=product&#038;p=1350"},"modified":"2020-05-25T09:52:02","modified_gmt":"2020-05-25T12:52:02","slug":"parafuso-fenda-aco-inox-cabeca-redonda","status":"publish","type":"product","link":"https:\/\/brparafusos.com.br\/index\/pt-br\/i2\/produto\/parafuso-fenda-aco-inox-cabeca-redonda\/","title":{"rendered":"Parafuso fenda a\u00e7o inox cabe\u00e7a redonda"},"content":{"rendered":"<p>Parafuso fenda a\u00e7o inox cabe\u00e7a redonda<\/p>\n<p>Variedades em medidas.<\/p>\n<!--themify_builder_content-->\n<div id=\"themify_builder_content-1350\" data-postid=\"1350\" class=\"themify_builder_content themify_builder_content-1350 themify_builder tf_clear\">\n    <\/div>\n<!--\/themify_builder_content-->\n","protected":false},"excerpt":{"rendered":"<p>Parafuso fenda a\u00e7o inox cabe\u00e7a redonda Variedades em medidas.<\/p>\n","protected":false},"featured_media":1351,"comment_status":"open","ping_status":"closed","template":"","meta":[],"product_brand":[],"product_cat":[164,100],"product_tag":[],"class_list":{"0":"post-1350","1":"product","2":"type-product","3":"status-publish","4":"has-post-thumbnail","6":"product_cat-ferragens","7":"product_cat-parafusos","8":"pa_medida-u-1-1-4x3","9":"pa_medida-u-1-4x1","10":"pa_medida-u-1-4x1-1-2","11":"pa_medida-u-1-4x1-1-4","12":"pa_medida-u-1-4x1-2","13":"pa_medida-u-1-4x2","14":"pa_medida-u-1-4x2-1-2","15":"pa_medida-u-1-4x3-4","16":"pa_medida-u-1-4x5-8","17":"pa_medida-u-1-4x7-8","18":"pa_medida-u-3-16x1","19":"pa_medida-u-3-16x1-1-2","20":"pa_medida-u-3-16x1-1-4","21":"pa_medida-u-3-16x1-2","22":"pa_medida-u-3-16x1-4","23":"pa_medida-u-3-16x3-4","24":"pa_medida-u-3-16x3-8","25":"pa_medida-u-3-16x5-16","26":"pa_medida-u-3-16x5-8","27":"pa_medida-u-3-16x7-8","28":"pa_medida-u-3-8x1","29":"pa_medida-u-5-16x1","30":"pa_medida-u-5-16x1-1-2","31":"pa_medida-u-5-16x1-1-4","32":"pa_medida-u-5-16x1-2","33":"pa_medida-u-5-16x2","34":"pa_medida-u-5-16x2-1-2","35":"pa_medida-u-5-16x3","36":"pa_medida-u-5-16x3-4","37":"pa_medida-u-5-16x5-8","38":"pa_medida-u-5-16x7-8","39":"pa_medida-u-5-32x1","40":"pa_medida-u-5-32x1-1-2","41":"pa_medida-u-5-32x1-1-4","42":"pa_medida-u-5-32x1-2","43":"pa_medida-u-5-32x2","44":"pa_medida-u-5-32x3-4","45":"pa_medida-u-5-32x3-8","46":"pa_medida-u-5-32x5-16","47":"pa_medida-u-5-32x5-8","48":"pa_medida-u-5-32x7-8","49":"has-post-title","50":"has-post-date","51":"has-post-category","52":"has-post-tag","53":"has-post-comment","54":"has-post-author","55":"","57":"first","58":"instock","59":"taxable","60":"shipping-taxable","61":"purchasable","62":"product-type-variable"},"jetpack_sharing_enabled":true,"builder_content":"","_links":{"self":[{"href":"https:\/\/brparafusos.com.br\/index\/pt-br\/i2\/wp-json\/wp\/v2\/product\/1350","targetHints":{"allow":["GET"]}}],"collection":[{"href":"https:\/\/brparafusos.com.br\/index\/pt-br\/i2\/wp-json\/wp\/v2\/product"}],"about":[{"href":"https:\/\/brparafusos.com.br\/index\/pt-br\/i2\/wp-json\/wp\/v2\/types\/product"}],"replies":[{"embeddable":true,"href":"https:\/\/brparafusos.com.br\/index\/pt-br\/i2\/wp-json\/wp\/v2\/comments?post=1350"}],"wp:featuredmedia":[{"embeddable":true,"href":"https:\/\/brparafusos.com.br\/index\/pt-br\/i2\/wp-json\/wp\/v2\/media\/1351"}],"wp:attachment":[{"href":"https:\/\/brparafusos.com.br\/index\/pt-br\/i2\/wp-json\/wp\/v2\/media?parent=1350"}],"wp:term":[{"taxonomy":"product_brand","embeddable":true,"href":"https:\/\/brparafusos.com.br\/index\/pt-br\/i2\/wp-json\/wp\/v2\/product_brand?post=1350"},{"taxonomy":"product_cat","embeddable":true,"href":"https:\/\/brparafusos.com.br\/index\/pt-br\/i2\/wp-json\/wp\/v2\/product_cat?post=1350"},{"taxonomy":"product_tag","embeddable":true,"href":"https:\/\/brparafusos.com.br\/index\/pt-br\/i2\/wp-json\/wp\/v2\/product_tag?post=1350"}],"curies":[{"name":"wp","href":"https:\/\/api.w.org\/{rel}","templated":true}]}}